{"id":928,"date":"2021-05-20T09:30:03","date_gmt":"2021-05-20T07:30:03","guid":{"rendered":"https:\/\/www.respide.fr\/vin\/sin%20categor\u00eda\/classic-rouge\/"},"modified":"2023-01-16T11:58:28","modified_gmt":"2023-01-16T10:58:28","slug":"classic-tinto","status":"publish","type":"product","link":"https:\/\/www.respide.fr\/es\/vin\/nuestros-vinos\/classic-tinto\/","title":{"rendered":"Ch\u00e2teau de Respide tinto"},"content":{"rendered":"<p align=\"justify\">Emblem\u00e1tico asemblaje tinto del vi\u00f1edo Respide, compuesto Merlot, de Cabernet Sauvignon y de Malbec.<\/p>\n<p align=\"justify\">Procedente de un terru\u00f1o de gravas profundas, este vino de color rojo granate se cr\u00eda durante 6 meses en fudres para mantener su suavidad y luminosidad. Tiene un aroma a fruta fresca apoyado por algunas notas de chocolate y tostado. El paladar intenso combina frescor y suavidad.<\/p>\n","protected":false},"excerpt":{"rendered":"<p>Emblem\u00e1tico asemblaje tinto del vi\u00f1edo Respide, compuesto Merlot, de Cabernet Sauvignon y de Malbec. Procedente de un terru\u00f1o de gravas profundas, este vino de color rojo granate se cr\u00eda durante 6 meses en fudres para mantener su suavidad y luminosidad. Tiene un aroma a fruta fresca apoyado por algunas notas de chocolate y tostado. El [&hellip;]<\/p>\n","protected":false},"featured_media":7045,"template":"","meta":{"_acf_changed":false,"_seopress_robots_primary_cat":"none","_seopress_titles_title":"Ch\u00e2teau de Respide Classic Rouge AOC Graves","_seopress_titles_desc":"Assemblage rouge embl\u00e9matique du vignoble de Respide issu d\u2019un terroir de graves profondes, ce vin est \u00e9lev\u00e9 6 mois en foudres pour conserver souplesse et \u00e9clat","_seopress_robots_index":"","inline_featured_image":false},"product_brand":[],"product_cat":[44,48],"product_tag":[],"class_list":{"0":"post-928","1":"product","2":"type-product","3":"status-publish","4":"has-post-thumbnail","6":"product_cat-nuestros-vinos","7":"product_cat-vin_carousel-es","9":"first","10":"instock","11":"taxable","12":"shipping-taxable","13":"purchasable","14":"product-type-variable","15":"has-default-attributes"},"acf":[],"_links":{"self":[{"href":"https:\/\/www.respide.fr\/es\/wp-json\/wp\/v2\/product\/928","targetHints":{"allow":["GET"]}}],"collection":[{"href":"https:\/\/www.respide.fr\/es\/wp-json\/wp\/v2\/product"}],"about":[{"href":"https:\/\/www.respide.fr\/es\/wp-json\/wp\/v2\/types\/product"}],"wp:featuredmedia":[{"embeddable":true,"href":"https:\/\/www.respide.fr\/es\/wp-json\/wp\/v2\/media\/7045"}],"wp:attachment":[{"href":"https:\/\/www.respide.fr\/es\/wp-json\/wp\/v2\/media?parent=928"}],"wp:term":[{"taxonomy":"product_brand","embeddable":true,"href":"https:\/\/www.respide.fr\/es\/wp-json\/wp\/v2\/product_brand?post=928"},{"taxonomy":"product_cat","embeddable":true,"href":"https:\/\/www.respide.fr\/es\/wp-json\/wp\/v2\/product_cat?post=928"},{"taxonomy":"product_tag","embeddable":true,"href":"https:\/\/www.respide.fr\/es\/wp-json\/wp\/v2\/product_tag?post=928"}],"curies":[{"name":"wp","href":"https:\/\/api.w.org\/{rel}","templated":true}]}}

https://www.respide.fr/vin/sin%20categoría/classic-rouge/

Château de Respide tinto

<p align="justify">Emblemático asemblaje tinto del viñedo Respide, compuesto Merlot, de Cabernet Sauvignon y de Malbec.</p>
<p align="justify">Procedente de un terruño de gravas profundas, este vino de color rojo granate se cría durante 6 meses en fudres para mantener su suavidad y luminosidad. Tiene un aroma a fruta fresca apoyado por algunas notas de chocolate y tostado. El paladar intenso combina frescor y suavidad.</p>

<p>Emblemático asemblaje tinto del viñedo Respide, compuesto Merlot, de Cabernet Sauvignon y de Malbec. Procedente de un terruño de gravas profundas, este vino de color rojo granate se cría durante 6 meses en fudres para mantener su suavidad y luminosidad. Tiene un aroma a fruta fresca apoyado por algunas notas de chocolate y tostado. El [&hellip;]</p>

Château de Respide Classic Rouge AOC Graves

Assemblage rouge emblématique du vignoble de Respide issu d’un terroir de graves profondes, ce vin est élevé 6 mois en foudres pour conserver souplesse et éclat
